- 2*w + w + 2*w. Let z be (-1)/(33/18 - 2). Let q = 5 - z. Determine u(q).
-7
Let a = 19 - 17. Let b be 0 + (-2)/3*-3. Let r(n) = -3 - b + 4*n**2 + 3 - 2*n. What is r(a)?
10
Let l = 0 + 0. Suppose 4*r = -5*n - 2, l*r = 5*n - 3*r + 16. Let h(x) = 7*x + 3. What is h(n)?
-11
Let i(y) = y**3 + 7*y**2 - 9*y - 7. Let n be i(-8). Let r(j) = -j + 7. Let o be (-28)/21 + (-2)/3. Let p(a) = a + 1. Let w(h) = n*r(h) + o*p(h). Calculate w(5).
-10
Let m(j) = j**3 + j**2 + 6*j - 6. Let f be m(3). Let l(v) = 9*v - 22 - 25 + f. Calculate l(-1).
-8
Let m(o) = 9*o + 7. Let x(g) = g + 1. Let y(r) = -m(r) + 6*x(r). Give y(-1).
2
Let c(w) = -w + 1. Let l(h) = -3*h**2 + 2*h - 2. Let o be l(-3). Let m be (4/(-5))/(14/o). Determine c(m).
-1
Let v be 192/(-33) + 4/(-22). Let w = 4 + v. Let o be w/((2 + 0)*-1). Let t(c) = -2*c**3 - c**2. Determine t(o).
-3
Let p(l) = l**3 - 7*l**2 + 2*l - 16. Let q be p(7). Let f(y) = -2*y**3 - 2*y**2 + 2*y. Give f(q).
4
Let b be (-92)/(-20) - 3/5. Let v(t) = 0 - 1 + t**2 - t**3 + b*t**3. Give v(1).
3
Let w be 28*(36/28 + -1). Let d(o) = 3*o + 7 + 3 - w - o**3 + 3*o**2. Determine d(3).
11
Let g(m) = -13*m + 7. Let b(n) = -n**2 - 12*n + 6. Let t(y) = 4*b(y) - 3*g(y). Let q(z) = -z**2 - 2*z + 1. Let l(k) = 9*q(k) - 2*t(k). Give l(-3).
-6
Suppose -3*n = -3*s, -5*s + 10 = 2*n - 4. Let c(u) = n*u - 19 + 0*u + 10. Determine c(6).
3
Let k(x) = -1. Let u(i) = 2*i - 1. Let a(l) = 6*k(l) - 2*u(l). Let c = 6 - -9. Suppose 4*s + s + c = 0. What is a(s)?
8
Let t(w) be the first derivative of -2*w**2 - 5. What is t(3)?
-12
Let g(n) = n**3 - 5*n**2 + 1. Let x(h) = h + 0*h**2 - h**3 + 0*h**3 + 2*h**2. Let l be x(2). Give g(l).
-11
Let j(y) be the first derivative of 1/4*y**4 + 4/3*y**3 + 1 + y + y**2. Let x be j(-3). Let f(h) = 2*h - 3. Give f(x).
5
Let c(o) = 5*o**3 - 5*o. Let n(t) = t**3 - 2*t**3 + 13*t**2 - 1 + t - 12*t**2. Let x(j) = -c(j) - 6*n(j). Calculate x(6).
0
Let z = -110 + 115. Let j(l) = -4*l + 3. Give j(z).
-17
Let h(f) = f**2 - 9*f - 7. Let r be h(10). Suppose -2*c - 2*l = -6, -r*l = 2*c - c - 1. Suppose 0 = -s - c + 3. Let d(z) = 10*z + 1. Determine d(s).
-9
Let w be (-16)/6 + (-6)/(-9). Let m(x) = x**3 - x**2 + x. Let f(b) = 5*b**3 - 2*b**2 + 5*b - 1. Let q(i) = f(i) - 4*m(i). Calculate q(w).
-3
Let k be 1*-9*(-25)/15. Let p = k - 10. Let y(u) = 6*u**3 - 6*u**2 + 5*u - 11. Let c(x) = -7*x**3 + 6*x**2 - 5*x + 12. Let f(l) = p*c(l) + 6*y(l). What is f(5)?
-6
Let a be -8*4/8 + 5. Let b(m) = -5*m**2. Calculate b(a).
-5
Let b(o) = 3*o + 3. Let v be b(-3). Let a(h) = -h + 7. Give a(v).
13
Let g be 4 - (2*-4)/(-4). Let k(v) = -2*v - 1. Calculate k(g).
-5
Let n(q) = q - 9 - q - q - 1. Let p be n(-6). Let f(j) = 4*j - 4*j - j - 3. What is f(p)?
1
Let y be (-6)/(-27) - (-94)/(-18). Suppose 13*t - 9*t - 28 = 0. Let f be (-9)/(-15) - t/y. Let q(l) = l**2 - l - 1. Determine q(f).
1
Let z(i) = -i**3 - 2*i**2 - 2*i + 2. Let t(m) = 2*m + 5. Let g be t(-4). Calculate z(g).
17
Let b(x) = x**3 - 5*x + 5*x - 2*x**3 + 4*x + 3*x**2. Let k = 5 - 1. What is b(k)?
0
Let u(h) = -6 - h**3 + 6 + 7*h**3 - 2*h + 1. Calculate u(1).
5
Let t(y) be the third derivative of -y**4/12 + 2*y**3 + 47*y**2. Give t(8).
-4
Let u = -3 - -6. Suppose 4*m + g + 0 - 4 = 0, -3*m = 2*g + 2. Let j(a) = -2*a**m + a + 7*a**3 + 3 - 6*a**3 - a**2. Determine j(u).
6
Let p(w) = 3*w**3 + 6*w**2 - 3*w + 4. Let y(h) = -7*h**3 - 13*h**2 + 6*h - 8. Let u(s) = 5*p(s) + 2*y(s). Let j = 5 + -10. What is u(j)?
-6
Let u(v) be the first derivative of v**4/8 + v**3/6 - v**2 + 3. Let l(z) be the second derivative of u(z). Calculate l(2).
7
Let r(m) = -m**2 + 3*m - 1. Let n be r(3). Let g(s) = -4*s**3 - 1. What is g(n)?
3
Let x be 5/2*(-18)/(-15). Let h(r) be the third derivative of 1/3*r**x - 1/60*r**5 + 0*r - 3*r**2 + 0 - 1/8*r**4. Give h(-3).
2
Let o(u) be the second derivative of -5/2*u**2 + 0 + 1/12*u**4 - 3*u - 2/3*u**3. Calculate o(6).
7
Let c = 14 - 4. Suppose h = 2, -c = 3*v - 6*v - 5*h. Suppose v*w + w = -2. Let n(k) = k + 2. What is n(w)?
0
Let k(h) be the first derivative of h**3/3 + 3*h**2/2 - 5*h + 7. Determine k(-5).
5
Let y(g) = -g - 1. Let z(o) = o. Let m(k) = 6*y(k) + 2*z(k). What is m(-4)?
10
Let w(i) = -i**2 + 7*i - 1. Let b(c) = -4*c - 13. Let d be b(-5). Give w(d).
-1
Suppose -4*u + 3*z = 6*z + 4, 5*u + 4*z + 4 = 0. Let r(g) = -g**2 - 5*g - 2. Give r(u).
2
Let d(h) = 3*h**3 + 5*h**2 - 4*h - 3. Let z(f) = 10*f**3 + 16*f**2 - 13*f - 9. Suppose 8*a = 5*a + 6. Let c(i) = a*z(i) - 7*d(i). Give c(-4).
11
Let d(n) be the third derivative of 0*n + 1/8*n**4 - 7/6*n**3 + 0 + n**2 - 1/20*n**5. Let y(f) = f**2 - f + 1. Let x(j) = -d(j) - 2*y(j). Determine x(0).
5
Let d(k) = 3*k + 1. Let s(h) = -h**2 - 20*h - 22. Let f be s(-19). Calculate d(f).
-8
Let p(c) = 3*c**2 - 2*c**2 + 6*c - 2*c**2 - 2*c + 4. Suppose -2*f + 0*f + 6 = 0. Determine p(f).
7
Let c be -3*(-15)/9*-1. Let n(q) = -q + 2. Calculate n(c).
7
Let s(c) = c**3 - 6*c**2 + 5*c - 3. Let d be s(5). Let z(w) be the first derivative of -3*w**2/2 - 2*w - 14. Determine z(d).
7
Let f(v) = -3*v**3 + 4*v**2 - 3*v + 1. Suppose 2*c = -4*c + 12. Give f(c).
-13
Let d(u) be the third derivative of -4*u**2 + 1/5*u**5 + 1/24*u**4 + 1/6*u**3 + 0*u + 0. Determine d(-1).
12
Suppose m = -d + 11, 7*d + m - 59 = 3*d. Suppose 7*j + d = 3*j. Let b(s) = s - 2. Give b(j).
-6
Let w be (1*8/10)/((-6)/(-30)). Suppose -2*b + k = -4 + 2, -5*b + 2*k + 7 = 0. Let p(l) = 0 - 2*l - 3 + b*l. Calculate p(w).
1
Let i(g) be the second derivative of -1/360*g**6 + g + 1/12*g**4 + 0*g**2 + 0 + 1/20*g**5 + 0*g**3. Let h(k) be the third derivative of i(k). What is h(5)?
-4
Let h(i) = 9*i - 1. Let g(l) = l**3 + 2*l**2 - l - 1. Let b(m) = -3*m + 1. Let x be b(1). Let o be g(x). Calculate h(o).
8
Let j(x) be the third derivative of 1/24*x**4 + 0 - 5/6*x**3 + 0*x + 4*x**2. Suppose -5*n = -0*n. Calculate j(n).
-5
Suppose 4*m - 12 = 4. Suppose -6 + 2 = -m*a. Let k(t) = -7*t. Determine k(a).
-7
Suppose -g = 571 - 571. Let m = 0 - 0. Let v(o) = -1 - o - 3 + m. Give v(g).
-4
Let b(o) = o + 2. Let t(h) be the first derivative of 0*h + 1/2*h**2 + 2. Let q be t(5). Calculate b(q).
7
Let l(c) be the third derivative of c**4/24 + c**3/6 - 24*c**2. What is l(-5)?
-4
Let f(w) be the third derivative of w**6/360 + w**5/40 - w**4/6 - w**3/2 - 2*w**2. Let h(n) be the first derivative of f(n). What is h(-5)?
6
Let x be 1*(-1)/(-1) - 6. Let m(i) = -11*i - 33. Let y(q) = -4*q - 11. Let u(a) = -3*m(a) + 8*y(a). Give u(x).
6
Suppose -t - 3*k + 4 = 0, 4*k = -0*t - 2*t. Let b = 2 + t. Let u(q) = q**2 + 6*q - 4. Give u(b).
-4
Let q be 38/(-14) - (-4)/(-14). Let i(x) = 12*x + 3 - 6 - 10*x. What is i(q)?
-9
Let p(a) = 1 - a + 4 + 5. Let b be (-10)/4*(-2 - 0). Let i(g) = -g + 11. Let u(x) = b*p(x) - 4*i(x). Calculate u(5).
1
Let q(s) = 2637 - 2637 - s. Calculate q(-4).
4
Let z be (0 - 0)/(-2) - -3. Let w(n) = 3*n. Calculate w(z).
9
Let q(i) be the second derivative of -i + 2/3*i**3 + 0 - 2*i**2 + 1/12*i**4. Suppose -5*u = -4*h - 13 + 3, 2 = -2*h + 4*u. Give q(h).
1
Let x(k) = -5*k - 3*k + k + 2*k - 6. Determine x(-4).
14
Let r(n) = n**3 - n**2 + 6*n + 6. Let g(k) = -2*k**3 + k**2 - 13*k - 13. Let v(p) = 4*g(p) + 9*r(p). What is v(5)?
12
Let k(i) = -i - 7. Let z be k(-8). Let n(b) be the first derivative of -2*b**4 - b**3/3 - b**2/2 + b + 2. Give n(z).
-9
Let f(m) be the first derivative of -23*m**3/3 - 11*m**2/2 - 11*m - 1. Let j(g) = 4 - 17*g**2 - 4*g - 8 + 9*g**2. Let c(r) = 6*f(r) - 17*j(r). Give c(2).
-2
Let c(z) = 4*z**2 + z**3 + 1 - 1 - 5*z + 5. Let w be (10/6)/((-1)/3). Calculate c(w).
5
Suppose y - 5*n = 26, -n - 4 = -3*y + 4*y. Let r(w) = 7*w**2 + 7*w - 7. Let z(k) = 6*k**2 + 6*k - 6. Let g(d) = -5*r(d) + 6*z(d). Determine g(y).
1
Let j(f) be the first derivative of f - 1/2*f**2 - 1/3*f**3 + 1. Determine j(-2).
-1
Let f(t) = 0 - 2 - 3*t**2 + 1 - 2*t. Determine f(2).
-17
Let l(d) = -7*d + 23. Let k(y) = 11*y - 34. Let r(w) = -5*k(w) - 8*l(w). Determine r(0).
-14
Let f(g) = -g - 6. Suppose -2*i = 3*i + 25. Let j be f(i). Let m(h) = 8*h**2 + h. Determine m(j).
7
Let w(a) = a**2 - 2*a - 18. Let l(i) = -3*i**2 + 5*i + 36. Let u(y) = 2*l(y) + 5*w(y). Calculate u(0).
-18
Let a be (-6)/(-27) + (-34)/(-9). Let k be (5 + 0)/(a + -3). Let v(j) = j**2 - 2*j - 2*j - 2*j + 1. Determine v(k).
-4
Suppose -p + 4